+ -4 - -5.
-5
Calculate 15 + -6 + (1 - 4) + -3.
3
Evaluate 9 + -16 + 4 + -5 - -10.
2
0 - (-2 + (-2 + 2 - -3))
-1
What is 2 - 4 - (3 + -1 + -4)?
0
Calculate 3 - 2 - (7 - 4).
-2
What is 1 - -6 - ((19 - 5) + 3)?
-10
1 + (-3 - (0 + -6))
4
Evaluate (1 - (-2 + 2)) + -4 + 0.
-3
-4 + 5 + (7 - 12)
-4
What is the value of 0 + (0 - 8) + (2 - -1)?
-5
-10 + (-1 - -20) + -1
8
9 - 5 - (1 - (-2 - -4))
5
What is -10 - (-18 - 1) - (0 - -3)?
6
(-2 + 0 - 0) + 2 + 4
4
Evaluate 5 + -3 + 4 + -4.
2
What is the value of -13 + 10 - (0 + -1)?
-2
-2 + 5 - (30 + -29)
2
What is the value of (-6 - 1) + (-8 + -3 - -18)?
0
Calculate (-2 - 2) + (-7 - -2).
-9
What is 0 - ((-3 - -9) + -8)?
2
What is (-2 - 3) + 0 - -3?
-2
Calculate -2 + 2 - (1 + (-9 - -3)).
5
Calculate (6 - 0) + (-15 + 6 - -8).
5
Calculate -10 + 5 + (-5 - -7).
-3
0 - (12 + -6 - -1)
-7
Evaluate -1 - 8 - (50 + -63).
4
What is the value of ((2 - -1) + -6 - 1) + -1?
-5
What is the value of 4 + (6 + -9 - 3)?
-2
-1 - -1 - (26 + -24)
-2
Evaluate -8 - (-1 + -9 + 0).
2
What is the value of -1 + (-2 - -4 - 6) + 6?
1
What is 3 + -7 + 5 + 0?
1
Calculate (2 - 1) + (13 - 17 - 5).
-8
Calculate (-4 - (-7 - -3)) + 3.
3
Evaluate (6 - 5) + 0 - 9 - -4.
-4
What is (-6 - -6) + 5 - 5?
0
What is the value of -7 + 9 + 4 + -9 - -2?
-1
-4 + 1 + 1 + 3
1
(-7 - -2 - -4) + -1 - -3
1
Calculate 11 + -5 + (3 - 4).
5
Calculate -2 - ((0 - (-2 + 3)) + -1).
0
What is 3 - (-2 - (1 - 5))?
1
Calculate 3 - (-4 + 7 - 1 - 0).
1
Calculate 1 + -5 + (-36 - -34).
-6
Evaluate 2 - (-9 + 7) - (0 + -1).
5
Calculate 1 - (10 + -8) - -6.
5
What is -7 + 4 - (2 - (6 - -1))?
2
What is the value of (-3 - 3) + 8 + -3 - -6?
5
Evaluate 6 + 0 + -2 + -7.
-3
69 + -78 + 1 + 8
0
Calculate (4 - (4 + -5)) + 0.
5
What is (1 - 1) + 52 + -51?
1
Evaluate -2 + -6 + 8 + (-4 - 1).
-5
Calculate -27 + 23 + (13 - 5).
4
What is the value of -52 + 58 + -2 + -10?
-6
What is the value of (5 - (-4 + (-2 - -11))) + -3?
-3
Evaluate (-3 + -10 - -6) + 4.
-3
What is the value of -4 + (-2 - (-4 + 0))?
-2
-6 + (3 + -1 - (4 - 7))
-1
3 + -6 + (6 - -4)
7
Evaluate 12 - (9 - 3) - 7.
-1
-5 + 3 + 8 + (-4 - 5)
-3
10 + -14 + 5 - -1
2
Calculate 8 + -12 + 5 + (2 - -1).
4
Evaluate -2 + 3 + -3 + -2 + 1.
-3
2 - (0 + 3 - (-12 - -13))
0
Calculate -6 + (2 - 5 - (-1 - 0)).
-8
What is the value of -5 - -11 - 1 - 5 - 5?
-5
-11 + -4 - (2 - (10 + -1))
-8
Evaluate -3 + (4 - 7) + 5 + -3.
-4
2 + (-3 - -6) - 0
5
(-2 - 4) + 8 - -2
4
What is the value of (-28 - -28) + 8 + -1?
7
Calculate -5 + 6 + -4 + 6.
3
-5 + 8 + -1 - 2
0
What is 0 + -9 + (4 - 4) + 3?
-6
8 + -7 - 14 - 2 - -6
-9
Evaluate -1 - (-10 - (-13 + 10)).
6
(1 - -7) + (-1 - (6 - 8))
9
Evaluate -2 - (8 - (-4 + 15)).
1
What is the value of -8 + 8 + -2 + 2?
0
Calculate (-31 - -36) + (-6 - (-4 + 2)).
1
Evaluate 1 - (7 + -5) - -1.
0
6 - (-8 - -14 - 4)
4
Evaluate (-4 - (10 - 15)) + 1 + -2.
0
7 + (-2 - -4 - 7 - -5)
7
(2 + 1 + -1 - 2) + 4
4
Calculate 6 + -7 + 5 + -3.
1
What is -15 - ((2 - 6) + (2 - 5))?
-8
Evaluate -5 + 2 + (10 - 11).
-4
-8 + 12 + (-4 - 3)
-3
Evaluate -5 + 9 + 2 + (-1 - 2).
3
What is 7 + (8 - 6) + -1 + -7?
1
Calculate -6 + -1 - (0 - 3).
-4
(-5 - -13) + -7 + 9 + -5
5
-17 - -8 - (-15 + 3)
3
What is 12 + -1 + 1 + -18?
-6
(4 - 4) + (-14 - -9) - 2
-7
What is the value of 65 + -66 - (-1 - (-4 - -1))?
-3
Evaluate (2 - 1) + 4 + -5 + 2.
2
Evaluate (0 - -2) + (1 - 9).
-6
Evaluate -6 - 9 - (8 + -19).
-4
What is 1 + 1 + (-1 - -5)?
6
What is the value of 6 - (-3 - (-2 + -2 + 0))?
5
What is (2 - -1) + -7 - (-3 + 0)?
-1
What is 2 - 0 - (0 + 5)?
-3
What is the value of -3 + (7 - 3) + -2 - -6?
5
Evaluate 154 + -164 + -1 + 3.
-8
-4 - (4 + -8 - -3 - 0)
-3
What is 8 + -5 - (5 + -16 + 6)?
8
Evaluate (-1 - (-10 - -14)) + 10.
5
What is 2 + 1 + -4 - (-10 + 5)?
4
What is the value of (5 + -5 - 0) + 4?
4
What is the value of 3 + (0 + -7 - -13) + -3?
6
What is the value of (-5 - (2 - 6)) + 3?
2
Calculate 20 + (-6 - 5) - 1.
8
Evaluate 18 + -21 - (3 + -1 - 5).
0
-6 + 5 - (5 + -1)
-5
-1 + 2 + -3 - -7
5
What is 2 - (2 - 0 - -2)?
-2
What is the value of -6 + 0 + (1 - -5)?
0
What is the value of (-7 - -4) + 2 - (0 + -2)?
1
What is the value of -2 - (6 + (3 - 11))?
0
Evaluate -6 - -7 - 7 - 3.
-9
What is the value of -1 + 1 - (-10 - -7) - 2?
1
Evaluate -6 - (0 + -3) - -5.
2
-6 - 0 - (-1 - 4)
-1
10 + (-5 - -2) - 2
5
Evaluate 3 + -5 + 2 + -2 + 2.
0
0 + 6 + -5 - 6
-5
1 - (2 + (-1 - (-1 - -2)))
1
1 + -4 + 3 + 2
2
What is -20 + 9 - (0 + -8)?
-3
Evaluate -36 + 17 - (-10 - 0).
-9
-5 + -3 + 13 - 4
1
Evaluate -8 - (-7 - 3) - (6 + -1).
-3
Evaluate 1 + 1 + (-1 - (-7 + 4)).
4
Evaluate -2 + -11 + 12 - 9.
-10
Evaluate -2 - -1 - 2 - (-4 + -1).
2
1 - (0 + 4 + -1)
-2
Calculate 0 - 6 - (-4 + 3 - 1).
-4
What is the value of (1 - 1) + 6 - 3?
3
Calculate (0 - -2) + 1 + (-1 - 1).
1
1 + -2 + 1 + -5
-5
Calculate -7 + 10 + -4 - 4.
-5
Calculate -1 - -6 - ((-6 - -8) + -3).
6
What is the value of 1 + (4 - 11) - -1?
-5
What is -1 + (-4 - -1) + 2 + -4?
-6
What is -2 + 6 + 0 + (-24 - -25)?
5
Evaluate -11 - (6 + (8 - 18)).
-7
What is the value of -11 + -11 + 5 + 8?
-9
5 - (20 - (4 + 5))
-6
-2 + 1 + -5 + 5 - -6
5
-11 - -6 - (5 - (11 - 7))
-6
Calculate (7 - -5) + -10 + -6.
-4
Evaluate (12 - 21) + 7 + 12.
10
Calculate 15 + -11 + (-1 - 4).
-1
2 + (2 - (5 - (-7 - 0)))
-8
What is the value of 8 + (-5 - 1) + 4 - 12?
-6
Evaluate (8 - 2) + 2 - (4 + -1).
5
What is 3 + 4 + (8 - 4) + -16?
-5
What is the value of -3 + 0 + 5 - -2?
4
Evaluate -5 - (7 + -1 + -6).
-5
Evaluate -10 + -2 + (-2 - -9).
-5
Evaluate -6 - (-3 - (6 - 3)).
0
What is the value of -5 + 4 + (0 - 2)?
-3
Evaluate -24 - -16 - (-4 - 12).
8
Calculate (15 - (2 + 14)) + (-5 - 1).
-7
9 - (5 - (-3 + 4))
5
What is the value of (4 - 0) + 6 + 1 + -5?
6
-6 - -1 - (-9 - -13 - 16)
7
What is (2 - 6) + 4 + 0 + 0?
0
What is the value of 0 - (-4 - -1) - 0 - -1?
4
What is (-5 - -17) + -7 + 0 + -8?
-3
Calculate (-2 - -2) + -1 + 16 + -19.
-4
-3 - 4 - -5 - -1
-1
5 - (5 + -4 + 5)
-1
What is -3 - (-4 - (3 - 1 - -1))?
4
Calculate 20 + -11 - (-3 - -2 - -7).
3
Evaluate 6 - ((-1 - 5) + 6).
6
-4 - (-13 - -5 - -6) - -3
1
Calculate 5 - (12 - 6) - -4.
3
What is the value of (9 - 0) + (6 - (8 + 3))?
4
Calculate -1 - (-2 + -5 + (-5 - -9)).
2
4 - (-11 + 6 + 4)
5
Evaluate 3 + 1 - (1 + 3 + -1).
1
Evaluate 5 - (-2 - (-2 + -6)).
-1
366 + -365 - (-1 + 2 + 3)
-3
Calculate 1 + 6 + 6 + -8.
5
What is -2 + -4 + 2 + -3 + 2?
-5
Evaluate (5 + -2 - 2) + (0 - 0).
1
5 + (-1 - (0 + 1))
3
(7 - 9) + (-1 - -7)
4
-6 + -1 + -8 + 13
-2
-6 - (0 + -1 - 11)
6
What is the value of -2 - (-10 + (-8 - -12)) - 7?
-3
Evaluate -4 - (3 + 3 + 4 + -10).
-4
Calculate 9 + 2 - 1 - (14 - 9).
5
What is (1 - 2) + (7 - 5)?
1
What is 0 - (8 + -3) - (-5 - 2)?
2
Calculate (-8 - -2) + 8 - (1 - 3).
4
3 + -9 - (-5 + 19 + -11)
-9
3 - ((11 - 6) + 0)
-2
Calculate 3 + (0 - ((5 - 1) + 0)).
-1
What is 10 + (-2 - (13 + -10))?
5
Calculate -3 - (30 + -29 - (-1 + 3)).
-2
What is the value of 6 + -4 + 3 + (-1 - 1)?
3
Calculate 4 + 0 + 1 + -4 + 4.
5
Evaluate 13 + -18 - (-8 - -2).
1
Calculate 7 + -3 - (-1 - -8).
-3
Calculate -17 + 13 + (4 - 1 - 1).
-2
1 + 1 - (11 - 4)
-5
What is the value of (2 - 1) + 12 + 0 + -5?
8
1 - (5 + (3 - 8 - -3))
-2
-4 + (4 - 5) + 10
5
-4 + 0 + 2 - (1 - 2)
-1
What is the value of -3 - (-6 - -3) - -1 - 5?
-4
Calculate (3 - (4 - 3)) + -4.
-2
Evaluate -4 - (2 + (2 - 2 - 2)).
-4
Calculate -4 - (-7 + 0) - 4.
-1
What is -6 + (4 - 2) + (5 - 5)?
-4
Calculate -3 - 0 - (1 + 1).
-5
-1 - (-9 + -3 + 4)
7
Calculate -7 - -1 - (-1 + -6 + 8).
-7
What is 3 + (6 - 5) + -8 + 10?
6
What is the value of -11 - (-11 + -4 - 1)?
5
(6 - (13 - 5)) + -1 + -1
-4
2 + (-6 - -8) + -1 + -1
2
What is 2 - (0 + 1) - (-8 - -1)?
8
What is (11 + -10 - (-2 + -1)) + -13?
-9
What is the value of 6 - (8 + -1 + -1 + -2)?
2
(-3 - 2) + (2 - (3 + -4))
-2
(-10 - (-6 - -1)) + (5 - 3)
-3
(1 + -2 - (1 - -1)) + 3
0
What is the value of 3 + -3 + (10 - 4 - 5)?
1
What is the value of 5 + (20 + -18 - (-2 + 10))?
-1
What is the value of 6 - (-4 - (-12 - 1))?
-3
Calculate -5 - (-27 + 20 + (-10 - -2)).
10
(3 - 3) + -14 + 19
5
-6 - -19 - (2 - (-5 + 0))
6
Calculate -11 + (-5 - -13) + 8 + -1.
4
What is -4 + 0 + 99 + -97?
-2
Calculate -1 - (-3 + 0 + 2 - 0).
0
Evaluate 5 - (7 - (-4 + 10)) - -2.
6
Evaluate -1 - -8 - (-10 + -5 - -13).
9
Calculate -12 + (1 - -6) + 3.
-2
7 + -8 + 5 - 1
3
Calculate 5 + (3 - (